y l?
7
Let i(k) = 2*k**3 - 6*k**2 + 1. Let l be i(4). Let g = 50 - l. Calculate the remainder when 32 is divided by g.
15
Suppose 4*z = -0*z. Suppose z = 3*i - 14 - 40. What is the remainder when 35 is divided by i?
17
Suppose 21 = 3*m - 3*r, 4*m = -4*r + 6*r + 28. Calculate the remainder when 0 + 0 - (-21 - -2) is divided by m.
5
Suppose -10*d + 476 = 18*d. Suppose 1 - 3 = t - y, -5*t = y - 20. Suppose t*i - 2*i - 32 = 0. Calculate the remainder when i is divided by d.
15
Let r(g) = g**2 - 10*g - 9. Let a be r(11). Suppose -a*o - k - 33 = -3*o, 3*o = -2*k + 114. Calculate the remainder when o is divided by 13.
10
Let m(u) = 28*u**3 - 10*u**2 - 7*u - 4. Let k(n) = 19*n**3 - 7*n**2 - 5*n - 3. Let q(j) = 7*k(j) - 5*m(j). What is the remainder when q(-1) is divided by 2?
1
Let p be 6/(-21) - 288/(-28). Suppose -4*j + p = -2*j. Calculate the remainder when 29 is divided by -3*(-16)/15*j.
13
Let o = 135 + -126. What is the remainder when -2*23/(-2) - -1 is divided by o?
6
Suppose 6 = -2*o - 2, 66 = 2*r - 5*o. What is the remainder when r is divided by 13?
10
Let i(b) = -457*b**3 + b**2 + b - 1. Let t be i(1). Calculate the remainder when -3 - (t/2)/4 is divided by 14.
12
Let v = -16 - -5. Let o = 12 - -8. Let s = o + v. Calculate the remainder when 25 is divided by s.
7
Suppose -2*v = -6*v + 32. Let b = 14 - v. Let l = 8 + b. What is the remainder when l is divided by 8?
6
Suppose -r + 5*z = -20 - 5, 4*r - 4 = -4*z. Suppose y + 128 = r*y. Calculate the remainder when 63 is divided by y.
31
Suppose i = -3*g + 4*i + 159, 2*i = -4*g + 194. Calculate the remainder when g is divided by 6.
2
Let r = -7 + 6. Let k = r - -8. Calculate the remainder when k is divided by 3.
1
Let o = 24 - 13. Suppose 10*i - 11*i = 178. Calculate the remainder when i/(-6) + 7/21 is divided by o.
8
Suppose 0 = v - 40 + 2. Suppose -c = -s - 12, 4*c - 66 = -9*s + 4*s. Calculate the remainder when v is divided by c.
10
Let o = -5 - -9. Let t(i) = 4*i - 1. What is the remainder when 4/(-2)*87/(-6) is divided by t(o)?
14
Let h(u) = 2*u**2 - 7*u - 2. What is the remainder when 4/(-5)*(-95)/2 is divided by h(5)?
12
Let s be 14/16*2*-8. What is the remainder when s/(-91) + (-828)/(-26) is divided by 17?
15
Let b(c) = c - 6. Let l be b(-3). Let h = l + 17. Calculate the remainder when 13 is divided by h.
5
Let t(k) = -3*k + 2*k + 6 + 0. Let v(l) = -2*l + 1. Calculate the remainder when t(0) is divided by v(-1).
0
Let l(k) = -k - 2. Let q be l(-4). Let h(w) = 5*w**3 + w. What is the remainder when (-6)/(-3)*17/q is divided by h(1)?
5
Let b(m) = -6*m - 1. Let s be b(-2). Let d = 9 + s. Calculate the remainder when 38 is divided by d.
18
Let v(c) = 10*c**2 - 24*c + 1. What is the remainder when 48 is divided by v(3)?
10
Suppose 0*r + r = 0. Let o be (3 - -1)*(-3)/(-6). Suppose r*q = s + q - 1, -o*s + 5*q + 23 = 0. What is the remainder when s is divided by 3?
1
Let j be (1 - -1)*(-6)/(-4). Suppose -5*m + 139 = 2*d, -4*d = j*m - 68 - 7. Calculate the remainder when m is divided by 15.
14
Let x(m) = 7*m**2 + m - 2. Suppose 0*u + 3*u + 3*a - 30 = 0, u - 10 = 4*a. Calculate the remainder when x(2) is divided by u.
8
Suppose -5*s + 4 = -6. Let n = 6 + -4. Let o = 1 + n. Calculate the remainder when o is divided by s.
1
Let c(o) = o**3 - 4*o**2 + 4*o - 6. Let z be c(4). Suppose 0*q - 5*q = z. Calculate the remainder when -1 + -2 + (-12)/q is divided by 2.
1
Let p(h) = -h**2 - 14*h + 1. What is the remainder when p(-13) is divided by 8 + -1 - (2 - 0)?
4
Let h = 8 - -69. What is the remainder when h is divided by 13?
12
Suppose 89 = 4*r - c + 19, -2*c = 4. Suppose -76 + r = -3*p + 4*v, 47 = 4*p + v. What is the remainder when 49 is divided by p?
10
Let g = -22 - -29. Calculate the remainder when 41 is divided by g.
6
Let r(w) = 2*w**2 - 7. Let v be r(-5). Let q = v - 22. Calculate the remainder when q is divided by 6.
3
Let k be (-33)/(-9) + 4/(-6). Suppose 2*w - 1 - k = 0. What is the remainder when 7 is divided by w?
1
What is the remainder when 45 is divided by 2 + 11 + (1 - 2)?
9
Let r = -1 - -18. What is the remainder when 31 is divided by r?
14
Suppose -3*p + 24 + 18 = 0. Suppose -2*k + 0*k = 0. Suppose k*c + 130 = 5*c. What is the remainder when c is divided by p?
12
Suppose -3*w = -1 - 47. Let f = -5 - -17. Let k = 18 + f. What is the remainder when k is divided by w?
14
Let h(k) = 2*k**2 + 5*k + 2. Let o(t) = -t**2 + 7. Let n be o(0). Calculate the remainder when 65/7 - 2/n is divided by h(-3).
4
Let r(z) = -z**3 + 14*z**2 + 17*z. What is the remainder when r(15) is divided by 17?
13
What is the remainder when ((-2)/(-3))/((-14)/(-861)) is divided by 21?
20
Let w(h) = 2*h**2 - 4*h - 2. What is the remainder when 40 is divided by w(4)?
12
Suppose -4*i + 5*n + 16 = 0, -2*n + 8 = -4*n. Let k be (-102)/(-9)*-3*i. Calculate the remainder when -4*(k/(-4) - -2) is divided by 14.
12
Let r be (-8)/(-2) + 6 + -7. Let h(f) = -3 - 6*f**2 - 2*f**2 - 3*f + f**r - 2. What is the remainder when h(9) is divided by 17?
15
Let d = 17 - 9. Let b(k) be the first derivative of -2*k**2 - 2*k + 3. Calculate the remainder when b(-6) is divided by d.
6
Calculate the remainder when 3 + -6 + 35 + -4 is divided by 16.
12
Suppose -2*c + 5 = -j, 2*j + 2*c = -0*j + 14. Let z = 20 - j. Let h = -69 - -102. Calculate the remainder when h is divided by z.
16
What is the remainder when 225/(-6)*(-4)/6 is divided by 9?
7
Let r(x) = 11*x + 20. Calculate the remainder when r(6) is divided by 45.
41
Suppose 0 = -3*j + 5*j, 2*t + 4*j - 52 = 0. Let z = 36 - -40. Calculate the remainder when z is divided by t.
24
Let p = 45 - 17. Calculate the remainder when 138 is divided by p.
26
Let w(x) = x**3 + 5*x**2 - 2*x - 1. Let o be w(-5). Suppose 4 = 4*h, o = -5*f + 3*h - 4. What is the remainder when 2/(-1) + (-30)/f is divided by 7?
6
Suppose 3*f + 4 = 7*f. Let g(m) = 3*m**2 + 1. Let z be g(f). Suppose -z = -5*b + 36. What is the remainder when 13 is divided by b?
5
Let l(y) = y - 9 - 4*y - 2*y. What is the remainder when l(-11) is divided by 16?
14
Suppose 2*y - 62 = -5*a, -4*y + a = -2*y - 38. What is the remainder when 74 is divided by y?
11
Suppose 3*j + y = 18, j = -4*j - y + 30. Let i(n) = n**2 + 15. Calculate the remainder when i(0) is divided by j.
3
Let p(m) be the second derivative of 2*m**2 + 0 - 4*m - 1/6*m**3. Calculate the remainder when 41 is divided by p(-10).
13
Suppose -6 = -4*k + 2*d, 5*k - d - 5 = k. What is the remainder when (-7)/4 + 8/(-32) - -3 is divided by k?
0
Suppose -5*o - 3 = -3*v + 56, -v + 4*o + 8 = 0. Calculate the remainder when 108 is divided by v.
24
Suppose -108 = 5*x + 252. Suppose -5*m + 13 = 3*b, 5*m - 9 = -4*b + 10. Calculate the remainder when 4/(-18) - 736/x is divided by b.
4
Let i = 35 + 11. Calculate the remainder when i is divided by 25.
21
Suppose -5*a - 214 = -2*y, 2*y - 6*y = 2*a - 380. What is the remainder when y is divided by 25?
22
Suppose 0*q - 108 = -4*q. Suppose -5*c = -c - 8, 131 = 5*m + 3*c. Let z = m - 11. What is the remainder when q is divided by z?
13
Suppose y - x = 3*y - 53, -x = 4*y - 103. What is the remainder when y is divided by (0 + 2)*(-13)/(-2)?
12
Suppose l = -5*i + 2*l + 6, 0 = -2*i + 3*l + 5. Let z be 15/(-2)*8/6. Let t = z - -11. Calculate the remainder when t is divided by i.
0
Suppose 5*z + 20 = 0, -5*b + 4*z + 19 = -117. Let x = -4 + b. Calculate the remainder when x is divided by 7.
6
Suppose -3*m - 8 = 4*p, -12 = -4*m + p + 9. Calculate the remainder when 14 is divided by m.
2
Let o(d) = -14*d**3. Suppose v = 6*v - 265. Calculate the remainder when v is divided by o(-1).
11
Let q = -26 - -90. Calculate the remainder when q is divided by 22.
20
Suppose 3*n - 7 = 8. Suppose -n*m + 2*m + 30 = 0. What is the remainder when m is divided by 4?
2
Suppose 4*c - c = -4*b + 49, -b + 41 = -5*c. What is the remainder when b is divided by 2?
0
Suppose z + 4*j - 17 = -2*z, -5 = -z - j. What is the remainder when 8 is divided by z?
2
Let h = -2 + 6. Suppose 0 = -h*f - 0 + 20. What is the remainder when 14 is divided by f?
4
Let y = -33 - 47. Let d be y*-2*(-2)/(-10). Let t = d + -19. What is the remainder when t is divided by 5?
3
Let c = -36 + 30. Let q(a) = -a**3 - 4*a**2 - a - 2. What is the remainder when q(-4) is divided by c/(-33) + (-90)/(-110)?
0
Let s be (